 21*p + 3. Let h be d(-11). What is the hundreds digit of (-2 - (h - -3)) + 368?
3
Suppose -3*u - 2*z + 80 = 16, 2*u + 5*z = 50. Suppose -7*q + 8 = -u. Suppose q*f - 2*f = 80. What is the units digit of f?
0
Suppose -x + 5 = 5*u, u - 5*x = 3 - 28. What is the tens digit of (2 + u)/((-50)/(-30050))?
0
Suppose 0 = -2*h + 12, -3*h = -4*l + 5*l - 19280. What is the hundreds digit of l?
2
Let y be 0/(17/15 - 10/75). Suppose y*d = -8*d + 4568. What is the units digit of d?
1
Suppose -132*f = -589*f - 5176216 + 25013672. What is the hundreds digit of f?
4
Let v = -107 - -794. Let l = -404 + v. What is the hundreds digit of l?
2
Let y(g) = -1226*g - 175. What is the tens digit of y(-19)?
1
Let v = 860 - 431. Suppose -9*a + v = -867. What is the units digit of a?
4
Let n(x) = 2*x**2 - 8*x + 1. Let j(b) = -b - 17. Let d be j(6). Let t = 30 + d. What is the tens digit of n(t)?
4
Suppose 2 = 2*c + 2*v - 2, 4*c = -2*v + 8. Suppose -27*f + 28*f + 2719 = c*u, 3*u - 4077 = 3*f. What is the hundreds digit of u?
3
Suppose -5*k = 5*r - 60, -r + 6 = 2. What is the tens digit of 950/k + 28/112?
1
Let b(m) = -2*m**2 - 11*m - 3. Suppose 0 = -5*v + 3*c + 138, -2*c + 5 = -7*c. Suppose -j = 32 - v. What is the units digit of b(j)?
2
What is the tens digit of (-2395 + -5)*-1 + -1?
9
Let n = -18635 + 26152. What is the units digit of n?
7
Let h be (9 - -2)*45 - (12 + -9). Suppose -18*f + h = -1308. What is the hundreds digit of f?
1
What is the hundreds digit of ((-974260)/(-28))/(3/(-3) + 6)?
9
Let j be -1*0/(-3) - -50. Suppose 3*l - 268 = -43. Let b = l - j. What is the tens digit of b?
2
Let f(j) = -290*j - 12. Let i be f(9). Let v be i/18 - 4/12. Let z = -60 - v. What is the units digit of z?
6
Suppose 56*l - 51*l - 32745 = 0. What is the thousands digit of l?
6
Let t = -6 + 13. Let b(x) = 12*x - 20. Let j be b(t). Let d = 169 - j. What is the units digit of d?
5
Suppose j = 396 + 9064. Suppose -7*a + j = 66. What is the hundreds digit of a?
3
Let a(g) be the first derivative of -g**4/4 - 5*g**3 + 11*g**2/2 + 28*g + 84. What is the units digit of a(-16)?
8
Suppose 18*i - 416 = 14*i. Suppose -4*c + i + 448 = 0. What is the tens digit of c?
3
Let r be (-22)/(-4)*2*2. Let t be (-8)/52 + -2 + (-3672)/(-39). Suppose r = -k + t. What is the units digit of k?
0
Let n = -734 + 743. Suppose n*v = 60*v - 37128. What is the units digit of v?
8
Suppose 4*v + 5664 = 12*v. Suppose 0 = 5*w - t - 1752, -t + 5*t = 2*w - v. Suppose 14*b - 168 = w. What is the units digit of b?
7
Suppose -3*f + 9 = -3*u, -f = -2*u + 3*u - 1. Let d(n) = -162*n. What is the tens digit of d(u)?
6
Let y = 2519 + -4581. Let w = 3552 + y. What is the thousands digit of w?
1
Suppose -2*o = 5*q - 72599, -15243 + 124159 = 3*o + 5*q. What is the units digit of o?
7
Suppose y + 8978 = 5*m - 17444, 10576 = 2*m - 4*y. What is the tens digit of m?
8
Let v(o) = -o**3 + 4*o**2 + 4*o + 52. Let i be v(6). Suppose 4*u - 4*k = 5060, -i*k = 2*u - 524 - 2018. What is the hundreds digit of u?
2
Let y(q) = 1506*q - 248. What is the tens digit of y(1)?
5
Let r = 16969 + -11096. What is the tens digit of r?
7
Let b = -4 - -2. Let y(j) = 2*j**3 + 3*j**2 - 6*j - 5. Let f be y(b). What is the units digit of (2 - f)/((-556)/276 + 2)?
9
Let f(u) = -834*u + 145. What is the units digit of f(-35)?
5
Suppose -62094 = 70*o - 2889534. What is the tens digit of o?
9
Suppose 3*v = -5*t + 975, 2*t - 149 = 5*v + 241. Suppose t*y - 192*y = 567. What is the tens digit of y?
8
Let q = 2619 - 208. What is the hundreds digit of q?
4
Let s(f) = 3*f + 5. Suppose 6 = 2*x + x + 2*n, -5*x = -5*n - 10. Let c be s(x). Suppose 1 = b - c. What is the units digit of b?
2
Suppose -4*l - 8*p + 3 = -11*p, 5*l = 3*p + 3. Suppose -o + 6*o = 4*n - 727, -3*o - 9 = l. What is the hundreds digit of n?
1
Suppose 0 = -u + 432 - 18. Suppose -2*k + u = -3*h - 132, 2*h - 1346 = -5*k. What is the hundreds digit of k?
2
Let t = 27875 + -17587. What is the units digit of t?
8
Let w be (-9)/(-1 + 4) - (-17 + 6). What is the tens digit of 2514/(w - 2) - 1 - -1?
1
Let t(u) = 8*u**2 - 45*u - 41. Let y(c) = -7*c**2 + 45*c + 41. Let a(v) = 6*t(v) + 7*y(v). What is the hundreds digit of a(39)?
2
Let z be 0 - (2 - (7 - -4)). Let o be 164 - (z/27)/((-2)/(-6)). Suppose 3*c - 233 - o = 0. What is the units digit of c?
2
Let a be 9/6*3/(36/(-16)). What is the tens digit of (-36 + 34)/(a/153)?
5
Suppose -6*o = -4*w + 35988 - 5154, 15399 = 2*w + 3*o. What is the tens digit of w?
0
Let t = 242 + -184. Let a = t - -18. What is the tens digit of a?
7
Suppose -4*g + 4*m = -m - 286, m = g - 72. Let z(t) = -t**3 + 4*t**2 + 8*t - 4. Let d be z(-6). Suppose g + d = 2*q. What is the hundreds digit of q?
1
Suppose -4*q = -5*k - q + 23, -4*q = 2*k - 30. Let v(d) = 31*d + 39. Let c be v(k). Let f = -103 + c. What is the hundreds digit of f?
1
Suppose 4*d - 4981 = 5*b, 3*b - b = -2. Let m = 1971 - d. Suppose 34 - m = -7*w. What is the units digit of w?
9
Let l(c) = 53*c**3 - 7*c**2 + 20*c - 1. Let q be 5 - 11 - (-9 + 0). What is the thousands digit of l(q)?
1
Suppose -107*r + 108*r = 8. Let j(z) = 18*z + 72. What is the units digit of j(r)?
6
Let z(l) = -137*l**3 + 4*l**2 - 4*l + 1. Let a be z(1). Let g = a - -138. Suppose g*y - 277 = 21. What is the hundreds digit of y?
1
Let w be ((-39)/6)/((-5)/20). Let x = 29 - w. Let n = x + 34. What is the units digit of n?
7
Suppose -38 = 3*g - 3*w - 170, w - 46 = -g. Let u = 48 - g. Suppose 8 = 2*k + 2*k, 0 = -5*i + u*k + 454. What is the tens digit of i?
9
Suppose 730*u - 126672 = 702*u. What is the thousands digit of u?
4
Let l be (-1728)/84 + -1 + (-8)/(-14). Let a be ((-3)/(-5))/(l/(-105)). Suppose -y - 2*t = -158, a*t = 5*y - y - 599. What is the units digit of y?
2
Let d = -29 + 58. Let o = 217 - d. Suppose 2*u = 3*m + m - o, -m + 61 = 3*u. What is the units digit of m?
9
Let w(t) = 9*t + 27. Let j be w(-3). Let v be (-1342)/(-11) + (j - 0). Suppose -3*r - v + 386 = 0. What is the units digit of r?
8
Let o(h) = h**2 - 17*h + 23. Let y be o(16). Let t be (-6)/y*(-7)/2*2. Suppose n - t*n = -245. What is the units digit of n?
9
Let v be 3*(-2)/(-6)*5. Suppose 0 = 14*a - 4 - 234. Let s = a - v. What is the units digit of s?
2
Suppose 4*l - 3*l + 109 = -4*t, 124 = -4*t + 4*l. What is the tens digit of (741/(-13))/(6/t)?
6
Let z(g) = -2*g**3 - 48*g**2 - g - 3. Let y be z(-25). Suppose y = 3*a + 135. What is the units digit of a?
9
Let l(w) = -45*w - 3. Let x(y) = -y - 1. Let d(f) = l(f) + 2*x(f). What is the tens digit of d(-2)?
8
Suppose 5*a + s - 315 = -0*a, -2*a + 123 = s. Let h(y) = y**2 + 5*y + 5. Let v be h(-5). Suppose -a - 36 = -v*i. What is the tens digit of i?
2
Let d(r) = r**2 + 9*r + 38. Let x be d(-5). Let p(m) = m**3 - 17*m**2 + 18*m - 8. What is the hundreds digit of p(x)?
6
Let r be 3/(-12)*6*8/6. What is the hundreds digit of (-42)/(-63)*(-477)/r?
1
Suppose 5*b = 3*f - 108, -3*f = -4*f + 3*b + 40. Let l = 326 + f. What is the units digit of l?
7
Suppose 15*a - 14334 - 106260 - 49251 = 0. What is the units digit of a?
3
Let o(f) = 152*f**2 - 60*f + 110. What is the thousands digit of o(6)?
5
Suppose 4*z - 60 = -2*t, -24*z + 5*t - 33 = -25*z. Let i(a) = -a**3 + 10*a**2 + 45*a - 44. What is the tens digit of i(z)?
3
Suppose 0 = 12*c - 18*c. Suppose -5*v + y - 3 = c, 0 = -5*y + 14 + 1. What is the tens digit of 4/10 + (-890)/(-25) + v?
3
Let r be 156/(-117) + (-84)/(-9). What is the tens digit of (2510/r)/((-12)/(-48)*1)?
5
Let k be 2241/6*(10 + -5 + -1). What is the units digit of k/4 - 1/2?
3
Let t be (-5 - -1) + 51/1. Suppose -66*o - t = -67*o. What is the units digit of o?
7
Let u(t) = t + 16. Suppose 48 = 4*f - 8*f. Let l be u(f). Suppose 0 = -l*k - x + 172, 5*k + 3*x + 2*x - 215 = 0. What is the units digit of k?
3
Let m = 37894 + -22942. What is the units digit of m?
2
Let i(r) = r**3 + 32*r**2 - 30*r + 89. Let q be i(-32). Let o = -678 + q. What is the hundreds digit of o?
3
Let v be 300/(-90)*3/(-2). Suppose -v*j - 306 = -6*j. What is the hundreds digit of j?
3
Let g = 55957 - 31573. What is the thousands digit of g?
4
Let v = 9802 + -4413. What is the hundreds digit of v?
3
Let q = -1 - -66. Let a = q - 40. Let m = a - -14. What is the units digit of m?
9
Suppose -53*h = -49*h - 3680. Suppose -2*s + 2*v = -3*v - 368, -5*s + h = -2